f g?
3
Suppose -5*j = -32 + 7. Suppose -d + h = d - 81, -196 = -j*d - 4*h. Suppose -5*u + 10*u - d = 0. What is the units digit of u?
8
Suppose -15 - 12 = 3*d. Let l = -5 - d. Suppose j + l = 25. What is the tens digit of j?
2
Suppose 4*a - 4 = 28. Let m(g) = 3*g - g + 9 - g + a. What is the units digit of m(-9)?
8
Let j(v) = v**3 + 7*v**2 + 2*v - 1. What is the units digit of j(-4)?
9
Let l(c) = 3*c + 13. What is the units digit of l(-3)?
4
Let h = 3 - 1. Suppose h = 3*u - 2*u. Suppose u = 3*d - 7. What is the units digit of d?
3
Let q be (-5 + -8)*(2 - 1). Let t = q + 8. Let a = t + 7. What is the units digit of a?
2
Suppose v + v = -30. Let h = -11 - v. What is the units digit of h?
4
Let v(i) = -i**3 - 4*i**2 + 4*i - 6. Let l be v(-5). Let a(d) = 2*d**3 + d**2 - 1. Let y be a(l). What is the units digit of (2/3)/(y/(-15))?
5
Let s(v) = 3*v**2 + 2*v + 1. Let g be s(-1). Suppose -g*m + 1 + 3 = 0. What is the units digit of m?
2
Suppose -p = -5*s - 103, -s - 197 = -2*p - 0*s. What is the tens digit of p?
9
Suppose 4*t - 37 = 3*v, -2*t = -4*t - 3*v + 41. What is the tens digit of t?
1
Let l(v) = 33*v + 28. What is the tens digit of l(3)?
2
Let s = 26 + -47. Let v = -10 - s. Let t = v - 7. What is the units digit of t?
4
Let r be 2 + (2 - 2)/(-3). Let c be 3/r - (-6)/12. Suppose c*d - 22 = 4*v, v = -0*d - 5*d + 22. What is the units digit of d?
5
Suppose 5*g = h + 97, 0*g + 2*g - 55 = -5*h. Let n = g - -3. What is the tens digit of n?
2
Suppose 16 = c + 3*c. Suppose -20 = -c*k, -k = 7*r - 2*r - 130. What is the tens digit of r?
2
Suppose 3*u - 14 = 28. Suppose -n + u = -0*n. What is the units digit of n?
4
Let z be (222 + -4)*(-2)/(-4). Suppose -33 = 4*d - z. What is the units digit of d?
9
Let f(b) = -25*b + 17. Let l(s) = -13*s + 9. Let w(j) = 2*f(j) - 5*l(j). Let a(t) = 7*t - 5. Let m(y) = 5*a(y) - 2*w(y). What is the units digit of m(3)?
2
Let m(r) = r**2 + 8*r - 12. What is the units digit of m(5)?
3
Let w(k) = -k - 3. Let h be w(-3). Suppose -v + 2 = 2*n, h = -5*v - 4*n + 6*n + 46. Let j = v + 3. What is the tens digit of j?
1
Let m(o) = -14*o - 75. What is the units digit of m(-16)?
9
Let d(n) = 5*n + 10. Let m = 23 - 15. What is the tens digit of d(m)?
5
Suppose -6 = 2*m, 4*p - 5*m = -65 + 356. What is the units digit of p?
9
Let o = -14 - -9. Let x(y) = -3*y**2 - y. Let k be x(-1). Let h = k - o. What is the units digit of h?
3
Let x(m) = m**3 + 2*m**2 - 4*m. Let f be x(-3). Suppose 0*b + 6 = f*b. Suppose -5*n + b = -18. What is the units digit of n?
4
Let y(v) = -5*v**2 + 44*v + 34. Let u(q) = -3*q**2 + 29*q + 23. Let s = -18 - -10. Let m(x) = s*u(x) + 5*y(x). What is the units digit of m(-10)?
6
Let c = -22 - -31. What is the units digit of 6/c + 236/6?
0
Let i(f) = f**2 + f - 2. Let s be i(-3). Suppose -n = 4*n + 2*w + 6, -12 = -5*n + s*w. Suppose z = r + 6, -5*z = -n*z + 5*r - 10. What is the units digit of z?
4
Suppose 5*q = -21 + 246. What is the units digit of 2 + (-7)/((-21)/q)?
7
Suppose -r + 5*a - 3*a = -15, 5*a + 40 = 3*r. Suppose 3 = -5*y - 3*p, r*y - 2*y + 5*p = -5. Suppose -4*u + y*u = -4. What is the units digit of u?
1
Suppose -4*p - 17 = -41. Suppose 68 = 5*o - o. Suppose -5*h = -3*g + o, -2*g = -3*h - p - 5. What is the units digit of g?
4
Let p = -31 - -53. What is the tens digit of p?
2
Suppose -r = m + 17, -3*r - 30 = 2*m + 16. What is the units digit of 30*2/(r/(-9))?
5
Let h = 8 - 6. Let b be 5*((-1)/1 + h). Suppose b*x - 36 - 44 = 0. What is the units digit of x?
6
Let w = 4 - 11. Let j = 11 + w. What is the units digit of j?
4
Let j = -40 - -28. Let s be 2/(-8) + 153/j. What is the units digit of (-2)/s + 178/26?
7
Suppose -4*p + 59 = -57. What is the units digit of p?
9
Suppose 0 = 4*f - 3*o + 40, 0 = -3*f - 2*o + 6 - 53. Let n = f + 19. What is the units digit of n?
6
Let s(q) = -q**3 - 3*q**2 - 7*q - 5. What is the units digit of s(-4)?
9
Suppose 4*b = 2*m - 4*m + 32, -b + 4*m = 10. Let z = 13 - b. What is the units digit of z?
7
Let m = -6 - -10. Suppose -2*d = 2*d - 2*r - 44, m*d - r = 42. Suppose -6*x = -x - d. What is the units digit of x?
2
Let k(t) = 9*t - 9. What is the units digit of k(11)?
0
Let j(d) = -6*d**3 + 24*d**2 + 9*d - 19. Let b(i) = -i**3 + 5*i**2 + 2*i - 4. Let u(a) = 11*b(a) - 2*j(a). What is the units digit of u(-6)?
6
Let z(o) = o**2 - 10*o - 9. Let j be z(11). Let a = j + 25. What is the tens digit of a?
2
Suppose 3*v = -0*v - r + 18, -4*r + 23 = 5*v. Let c = -5 + 8. Suppose 2*q + p = 33, 62 = 3*q - c*p + v*p. What is the units digit of q?
4
Let d(x) = x**3 - 7*x**2 - 9*x + 2. Let k be d(7). Let c = k + 107. What is the tens digit of c?
4
Let h(q) = q**2 - 5. Let w be h(4). Suppose f = 2*g + w, f + 9 = 4*g + 22. Suppose -2*l - y + f = 0, 5*l - l - 4*y - 24 = 0. What is the units digit of l?
5
Let k(n) = n**3 - 9*n**2 + n - 4. What is the units digit of k(9)?
5
Let l(b) = -b**3 - 3*b**2 + 3*b. Let z = 3 - 7. Let p be l(z). Suppose -3*t - 2*t - 4 = v, 0 = -5*v - t + p. What is the units digit of v?
1
Suppose 2*o = -o. Let i = 17 - o. What is the tens digit of i?
1
Let y(j) = j**3 + 6*j**2 + 4*j - 4. Let u be y(-5). Suppose -4*i + 2*x - 7*x = -45, -3*i = 3*x - 30. Suppose -i*h + u = -29. What is the units digit of h?
6
Let f be 6/(-10) + (-10)/25. What is the units digit of 17 - f*(-1 - -3)?
9
Let i(d) = -5*d + 2. What is the units digit of i(-5)?
7
Let t be -1 - (-3 + -13)*-2. What is the tens digit of 1 + -2 - t/3?
1
Suppose -t - 4*v + 1 = 0, 4*v = -0*t - 4*t + 16. Suppose t*l + q + 10 = -4*q, -l + 5*q - 8 = 0. Let w = 4 + l. What is the units digit of w?
1
Let f(s) be the third derivative of s**6/720 + s**5/60 + s**4/8 + 3*s**2. Let x(w) be the second derivative of f(w). What is the units digit of x(0)?
2
Suppose -3*f + 30 + 33 = 0. What is the units digit of f?
1
Let w(x) be the second derivative of 0 + 4*x**2 - 3/4*x**4 + 1/20*x**5 - 5/3*x**3 + 2*x. What is the units digit of w(10)?
8
Suppose -4*m - 4*w + 90 = -5*w, -52 = -2*m + 4*w. What is the units digit of m?
2
Suppose 6 = -3*q - 0. What is the units digit of q + 12/4 - -9?
0
Suppose -2*b = 2*r - 20, -b = 2*b - 5*r - 38. Suppose -24 - b = -5*d. What is the units digit of d?
7
Let w = -485 - -722. What is the units digit of w?
7
Let j(m) = m**2 - 3*m. Let v be j(3). Suppose -z - 3*z + 24 = v. What is the units digit of z?
6
Let c(m) = -m**2 - 8*m - 9. Let w be c(-6). Suppose -q = w*q - 12. What is the units digit of q?
3
Suppose 2*a = a + 17. What is the units digit of a?
7
Let s = -66 + 99. What is the tens digit of s?
3
Let x(h) = h**3 + 11*h**2 - 11*h + 16. What is the units digit of x(-12)?
4
Let v be (-2)/(2 + (-160)/79). Suppose -3*q + 5*l = -41, 14 = 5*q + 4*l - v. Suppose q = 3*u - 4. What is the units digit of u?
7
Let y be ((-1)/(-1))/(1/98). Suppose 4*q + 2*a = a + 75, 5*q - y = 3*a. What is the tens digit of q?
1
Suppose 4*j - 2*p = -500, -3*j + 647 = -8*j - 3*p. Let v = -55 - j. Suppose -2*f - v = -6*f. What is the units digit of f?
8
Let i = -69 - -97. Let n = i + -1. What is the tens digit of n?
2
Let z be (20/3)/(4/6). Let o = 16 - z. What is the units digit of o?
6
Let t be ((-4)/(-8) - 0)*14. What is the units digit of 7 + (-3 + t)/(-2)?
5
Let b(w) = -w + 13. Let p be b(10). Suppose -3*v + 15 = 0, -2*m - 3 = -m - v. Suppose -4*z = -5*f + 80, -m*f - 2*z + 11 + p = 0. What is the units digit of f?
2
What is the units digit of (-63 + -2 + 4)*(0 - 1)?
1
Let a = 4 - -1. Suppose -3*t - a*d = -37, -2*t + 28 + 0 = 4*d. Suppose 0 = t*p + 3*v - 30, 4*p - v - 50 = -12. What is the units digit of p?
9
Let b = -2 + 7. Suppose 16 = b*l - 14. What is the units digit of l?
6
Let b = 220 + -108. What is the tens digit of b?
1
Suppose 25 = 2*l + 3*l. Suppose 0 = -8*v + 3*v - l*h + 5, 5*v - h = 35. What is the units digit of v?
6
Let z(y) = -3 + y - 4 + 5. Let f be (-2)/(-12) - 94/(-12). What is the units digit of z(f)?
6
Suppose -l = -4*l + 78. What is the tens digit of l?
2
Let n(z) be the first derivative of 7*z**3/3 + z - 1. Let u be n(1). What is the units digit of 2/(-8) - (-122)/u?
5
Suppose 5*s - 108 = -4*p - 0*s, 2*s - 8 = 0. What is the tens digit of p?
2
Suppose 2*g - n - 30 = 0, 75 = 5*g - 5*n - 0*n. What is the tens digit of g?
1
Let q = -8 - -6. What is the units digit of (29/4)/(q/(-8))?
9
Let w(t) = -t**3 - 13